{"id":3816,"date":"2023-07-13T10:45:17","date_gmt":"2023-07-13T13:45:17","guid":{"rendered":"https:\/\/lojaspathis.com.br\/index.php\/product\/calca-pantalona-duna\/"},"modified":"2023-10-29T00:11:25","modified_gmt":"2023-10-29T03:11:25","slug":"calca-pantalona-duna","status":"publish","type":"product","link":"https:\/\/lojaspathis.com.br\/index.php\/product\/calca-pantalona-duna\/","title":{"rendered":"Calca Pantalona Duna"},"content":{"rendered":"<p>A nossa cal\u00e7a pantalona \u00e9 aquele pe\u00e7a indispensavel no seu guarda roupa.<br \/>\nde look despojados, a looks mais sociais, a cal\u00e7a pantalona permite essa vesatilidade.<br \/>\nEm tecido crepe duna, aquele tecido que n\u00e3o amassa e tem o toque fluido e leve.<\/p>\n","protected":false},"excerpt":{"rendered":"<p>Calca Pantalona Duna<\/p>\n","protected":false},"featured_media":4159,"comment_status":"open","ping_status":"closed","template":"","meta":[],"product_cat":[247,249],"product_tag":[],"class_list":["post-3816","product","type-product","status-publish","has-post-thumbnail","hentry","product_cat-calca","product_cat-calca-slim","pa_color-azul","pa_color-laranja","pa_color-preto","pa_color-rosa","pa_color-terra","pa_color-verde","pa_tamanho-u"],"tiered_pricing_type":"fixed","tiered_pricing_fixed_rules":[],"_links":{"self":[{"href":"https:\/\/lojaspathis.com.br\/index.php\/wp-json\/wp\/v2\/product\/3816","targetHints":{"allow":["GET"]}}],"collection":[{"href":"https:\/\/lojaspathis.com.br\/index.php\/wp-json\/wp\/v2\/product"}],"about":[{"href":"https:\/\/lojaspathis.com.br\/index.php\/wp-json\/wp\/v2\/types\/product"}],"replies":[{"embeddable":true,"href":"https:\/\/lojaspathis.com.br\/index.php\/wp-json\/wp\/v2\/comments?post=3816"}],"wp:featuredmedia":[{"embeddable":true,"href":"https:\/\/lojaspathis.com.br\/index.php\/wp-json\/wp\/v2\/media\/4159"}],"wp:attachment":[{"href":"https:\/\/lojaspathis.com.br\/index.php\/wp-json\/wp\/v2\/media?parent=3816"}],"wp:term":[{"taxonomy":"product_cat","embeddable":true,"href":"https:\/\/lojaspathis.com.br\/index.php\/wp-json\/wp\/v2\/product_cat?post=3816"},{"taxonomy":"product_tag","embeddable":true,"href":"https:\/\/lojaspathis.com.br\/index.php\/wp-json\/wp\/v2\/product_tag?post=3816"}],"curies":[{"name":"wp","href":"https:\/\/api.w.org\/{rel}","templated":true}]}}